 a composite number?
True
Is 17515145931 prime?
False
Is 202532843 a prime number?
False
Is 14783588821 a prime number?
False
Is 8874899467 a composite number?
True
Is 6580375999 a composite number?
True
Is 19975801819 composite?
True
Is 3537039899 a composite number?
False
Is 8161678673 a prime number?
True
Is 1817579779 a composite number?
True
Is 4447333259 composite?
False
Is 2625180373 a prime number?
False
Is 798888179 composite?
True
Is 28642330697 a composite number?
False
Is 130273835 prime?
False
Is 4624829711 a prime number?
False
Is 6063814837 a prime number?
True
Is 958254617 a composite number?
True
Is 412702883 a composite number?
True
Is 320636663 composite?
False
Is 27349519079 prime?
False
Is 5440475407 composite?
True
Is 3285028399 prime?
True
Is 1191184303 a composite number?
False
Is 609377983945 composite?
True
Is 129203189 prime?
True
Is 442124665 composite?
True
Is 165942929 a prime number?
False
Is 12455630689 a prime number?
True
Is 776075529 a composite number?
True
Is 56034100813 a composite number?
False
Is 6011470007 a composite number?
False
Is 9516421169 a prime number?
True
Is 1474207331 prime?
True
Is 18702938447 a composite number?
True
Is 41072863873 prime?
False
Is 32615288617 prime?
False
Is 219505063 a prime number?
True
Is 359690861 composite?
True
Is 82519903 composite?
True
Is 1575508289 a prime number?
True
Is 4236775729 composite?
False
Is 1899873509 composite?
False
Is 17510119889 a composite number?
False
Is 603750167 a composite number?
False
Is 1246783913 composite?
True
Is 145324351 composite?
True
Is 1385801579 composite?
False
Is 6694999915 a composite number?
True
Is 6550596539 a prime number?
False
Is 3116482241 a prime number?
True
Is 2379270065 a prime number?
False
Is 8624631193 a prime number?
True
Is 4162024013 composite?
True
Is 7548900895 composite?
True
Is 766190749 a composite number?
True
Is 3781155881 composite?
True
Is 1293263173 prime?
False
Is 1035251509 a prime number?
True
Is 17589005389 prime?
True
Is 198315647773 a prime number?
False
Is 4927981 prime?
False
Is 6085669097 a prime number?
True
Is 4030806991 a prime number?
False
Is 24373197173 prime?
False
Is 394112863 a composite number?
True
Is 7025546131 a composite number?
False
Is 5472287089 a composite number?
True
Is 1349916787 composite?
False
Is 392237579 a composite number?
False
Is 68648270507 prime?
True
Is 1439291863 a composite number?
False
Is 3115673241 a prime number?
False
Is 185461979 a prime number?
True
Is 897728141 composite?
True
Is 21144120743 a prime number?
True
Is 57073975863 a composite number?
True
Is 1242732691 a prime number?
False
Is 1145371739 a prime number?
False
Is 1497113158 composite?
True
Is 7918059 composite?
True
Is 805823287 a composite number?
True
Is 3722081981 prime?
True
Is 6302842579 prime?
False
Is 28530597527 composite?
True
Is 4412010137 a prime number?
True
Is 1737192679 a prime number?
True
Is 16824694463 prime?
False
Is 21179714263 a prime number?
True
Is 533432843 a prime number?
False
Is 44225428138 a prime number?
False
Is 4918674199 composite?
True
Is 4419800873 a composite number?
False
Is 7298315719 a composite number?
False
Is 10396977 a prime number?
False
Is 2282846081 prime?
True
Is 891958127 a composite number?
False
Is 1426958321 prime?
True
Is 28922391131 composite?
False
Is 628087531 prime?
True
Is 2694822521 a prime number?
False
Is 2133650339 a prime number?
False
Is 522619373 composite?
False
Is 34348107515 prime?
False
Is 375127717 prime?
False
Is 3420189005 prime?
False
Is 5516458985 a composite number?
True
Is 50932048577 a prime number?
False
Is 6472818857 composite?
False
Is 153596107337 prime?
True
Is 2298967651 a composite number?
False
Is 727093663 a composite number?
True
Is 60754849 prime?
False
Is 17911739 a composite number?
False
Is 18219675907 a prime number?
True
Is 36687026542 composite?
True
Is 56227141505 prime?
False
Is 5930882527 prime?
False
Is 13266426287 composite?
True
Is 240292391 composite?
True
Is 2072493651 a prime number?
False
Is 296844403 a composite number?
False
Is 336083412473 prime?
True
Is 54138160903 composite?
False
Is 13550671531 composite?
False
Is 898643203 prime?
False
Is 5080439779 composite?
False
Is 37682501 a prime number?
True
Is 31183219949 prime?
False
Is 52295417313 composite?
True
Is 432234067 composite?
True
Is 44639090203 a prime number?
False
Is 330894763 a composite number?
False
Is 69958521311 prime?
False
Is 222276937 prime?
True
Is 1317619097 a composite number?
True
Is 3220380767 prime?
True
Is 18219623713 a composite number?
True
Is 9245698909 a composite number?
True
Is 24644554831 a prime number?
False
Is 4048169 a prime number?
False
Is 1186598579 a prime number?
False
Is 57992793 a prime number?
False
Is 23755664549 prime?
True
Is 98637769 a prime number?
True
Is 90155711 a composite number?
False
Is 11498717905 prime?
False
Is 12594289291 a composite number?
False
Is 1662588329 a prime number?
False
Is 1638186257 a composite number?
False
Is 11040503 a composite number?
True
Is 2710924747 a prime number?
False
Is 2816101247 a prime number?
True
Is 3610542457 composite?
True
Is 91005199709 a prime number?
False
Is 865885721 a prime number?
False
Is 8713276153 a prime number?
False
Is 2871166861 composite?
False
Is 509644823 prime?
False
Is 1542640031 composite?
True
Is 4909358761 a composite number?
False
Is 1980364361 prime?
True
Is 28415160373 composite?
False
Is 8292515327 a composite number?
False
Is 7010293681 composite?
True
Is 19697976791 a prime number?
False
Is 710898627 prime?
False
Is 97109222677 a composite number?
True
Is 847208261 composite?
True
Is 3520615346 prime?
False
Is 766994447 composite?
False
Is 14118079 a prime number?
False
Is 2729655907 prime?
False
Is 11546476489 a prime number?
True
Is 16254243743 a prime number?
True
Is 1599374611 a composite number?
False
Is 246816181 composite?
True
Is 6114494261 a prime number?
False
Is 84273120331 a composite number?
True
Is 501112769 prime?
True
Is 29509227073 a prime number?
True
Is 175827403 a prime number?
False
Is 4699571143 composite?
True
Is 41095482229 a prime number?
False
Is 13708036451 composite?
False
Is 86934739 prime?
True
Is 1318302919 composite?
True
Is 343544601 composite?
True
Is 3052605137 a composite number?
True
Is 900657683 a composite number?
True
Is 1194425663 a composite number?
True
Is 13530276433 a prime number?
False
Is 16549212677 a composite number?
False
Is 9066631841 a composite number?
False
Is 2432475139 prime?
True
Is 18710882821 prime?
True
Is 1915145303 composite?
False
Is 574701935 a composite number?
True
Is 18955660189 prime?
False
Is 8473012501 composite?
False
Is 1246369367 composite?
False
Is 5740771031 a composite number?
False
Is 46025321119 a composite number?
False
Is 6578359547 composite?
False
Is 2027029819 a composite number?
False
Is 134384723309 a prime number?
False
Is 1966221011 composite?
False
Is 40021188223 a prime number?
True
Is 93106733659 composite?
True
Is 153127657 a prime number?
True
Is 285349731193 a prime number?
True
Is 803273729 a prime number?
True
Is 15731728963 a prime number?
True
Is 1548551731 a prime number?
True
Is 2346858538 a prime number?
False
Is 4604548057 a prime number?
True
Is 1474046605 a prime number?
False
Is 5688249211 a prime number?
True
Is 24145739 a prime number?
True
Is 111797237 a prime number?
False
Is 6953137 composite?
False
Is 28879724165 a composite number?
True
Is 65937857199 composite?
True
Is 325519379 prime?
False
Is 887367683 composite?
True
Is 1848070963 prime?
False
Is 52586338309 composite?
True
Is 2699370257 a prime number?
False
Is 90227137907 a prime number?
True
Is 225047600383 prime?
False
Is 2965247647 a prime number?
True
Is 16658461777 composite?
True
Is 5024923427 a prime number?
False
Is 23798682013 composite?
False
Is 451022917 a composite number?
True
Is 291776717 a composite number?
True
Is 18767107353 prime?
False
Is 13318906547 a prime number?
False
Is 301583699 a prime number?
False
Is 2010685 a composite number?
True
Is 733876853 a composite number?
True
Is 27251034445 composite?
True
Is 1665108461 a prime number?
True
Is 36765270317 prime?
True
Is 1421549611 prime?
False
Is 698728321 composite?
Fals